 - 2. Give p(u).
4
Let z(h) be the first derivative of -h**2 - 13*h - 5. Calculate z(-9).
5
Let q(k) be the first derivative of -k**3/3 + 3*k**2 - k - 4. Calculate q(5).
4
Suppose -1 = 3*c - 7. Let b(h) = h**3 - 2*h**2 + 3*h - 2. Calculate b(c).
4
Let y(i) = i**2 - 5*i + 6. Suppose 5*f = 10, f - 20 = -2*l - 3*f. Let q = 8 - l. Suppose 2*t + q*d + 0*d = 6, -5*t = -3*d - 31. Give y(t).
6
Let w(c) be the first derivative of 3/2*c**2 + 2*c**3 + c + 1/4*c**4 - 3. Calculate w(-5).
11
Suppose -2*a - 23 = -4*d + 3*a, -d = -2*a - 8. Let i(t) be the first derivative of -t**3/3 + t**2/2 - t + 3. Give i(d).
-3
Let z(y) = 1 - 3*y**3 + y**3 - y - 2*y + 5*y. What is z(-1)?
1
Suppose 17*u = 13*u - 4. Let j(x) = x - 1. What is j(u)?
-2
Let v(k) = -4 - 2 + 3 - k - 6. What is v(-4)?
-5
Let y = -13 + 18. Suppose 0 = y*f - 10, 2*d - 5*f + 14 = 0. Let g(n) be the first derivative of -n**2/2 - 5. What is g(d)?
2
Let h(j) be the third derivative of 1/6*j**3 + 0 + 1/3*j**4 + 0*j + 3*j**2. Determine h(1).
9
Let g(y) = -y**3 - 7*y**2 - 3*y - 3. Let v be g(-7). Suppose x + 2*x + v = 0. Let b(l) = l. Determine b(x).
-6
Let q(x) be the second derivative of -x**3/6 - x**2/2 - x. Let j = 0 + -2. Determine q(j).
1
Let o(k) = k. Let h(n) = 6*n + 1. Let s(v) = v**3 + 12*v**2 + 10*v - 10. Let j be s(-11). Let c(m) = j*o(m) - h(m). Determine c(2).
-11
Let g be 5/((-75)/(-6))*5. Suppose 3*d = a + 9, g*a + 2*a = -3*d - 21. Let l(j) = j**3 + 6*j**2 - j - 5. Determine l(a).
1
Let d be (-1)/(-3 - (-16)/6). Suppose -n = -d, 0*k = -3*k - 2*n + 21. Let q(a) = a**2 - 5*a + 4. What is q(k)?
4
Let k(i) = i. Let w(f) = f**2 + 6*f + 4. Let v be w(-5). Calculate k(v).
-1
Let g = 51 - 36. Let x(q) = -5 + g*q**2 + q**3 - 11*q**2 + 3. What is x(-2)?
6
Let u = -76 + 81. Let f(c) = -c + 10. Calculate f(u).
5
Suppose -2*r = v - 4*r + 6, 2*v = -2*r + 12. Let a(j) = -v*j - 8 - j + 4*j + 6. Give a(0).
-2
Let d(x) = x**2 + 9. Let v be d(0). Let o = v + -13. Let w(a) = -4*a - 6. Calculate w(o).
10
Let j(v) = -4*v - 1. Suppose -1 = -2*i - 5. Let s be (-12)/(-8) - (-1)/i. Give j(s).
-5
Let q(k) = 2*k**3 + 2*k**2 - k + 1. Let f(j) = -j - 3. Let n be f(-6). Suppose 0 = 5*g - n*v - 30, 10 = g - v + 2. Suppose g*d + 0*d = -6. Determine q(d).
-5
Let p(c) = c**2 - 2*c - 2. Let u be 2 - -2*9/(-3). Calculate p(u).
22
Let x(c) be the third derivative of c**5/60 - 7*c**4/24 - 11*c**3/6 - 2*c**2. Determine x(8).
-3
Suppose 0*g - 5*g = -25. Let o(p) = p**2 - 6*p + 7. Give o(g).
2
Let s(a) = -a**2 + 3*a + a + 3*a + 4. Calculate s(6).
10
Let q(b) = 0*b - 3*b - 5*b**2 - 4 + b**3 + 8*b. Suppose 2*k - 13 + 5 = 0. Suppose k*l - 15 = -l. Give q(l).
-7
Let g(l) = l**2 + l. Let p(k) = 7*k**2 + 7*k - 8. Let s(a) = 6*g(a) - p(a). Suppose 6 = 3*r + y + 3, 4*y = 4*r + 12. Give s(r).
8
Let t(x) = 2*x - 2. Let o be t(3). Suppose o = -j + 2*j. Let h(b) = 2 - b**3 + 2*b**2 + j*b - 5 - 3*b**2. Give h(2).
-7
Let p(n) = 4*n**3 + 2*n**2 - 7*n - 9. Let l = 0 - -2. Let c(z) = 0*z**2 - 4 - 5*z + 2*z + 2*z**3 + z**l. Let t(g) = -7*c(g) + 3*p(g). Calculate t(-1).
2
Suppose -2*j + 5*t = -4*j - 13, 7 = j - 2*t. Let v(i) = -i - 1. Let z(p) = -6*p - 9. Let r(g) = j*z(g) - 5*v(g). Give r(3).
-7
Let o(b) be the second derivative of 2*b + 0 - 1/6*b**4 - 1/2*b**3 - b**2. Calculate o(-3).
-11
Let q(y) = -y**2 + 10*y - 5. Let m(k) = -k**2 + 9*k - 5. Let n(g) = -4*m(g) + 3*q(g). Determine n(5).
0
Let j(q) be the first derivative of -q**3/3 + q**2/2 - 3. Let w(v) = 9*v**2 - 2*v - 1. Let r be (1 + 0)*1 - -1. Let h(s) = r*j(s) + w(s). Give h(-1).
6
Suppose 0 = 4*l - 5*a - 21, 3*a = 4*l - a - 20. Let m(j) be the second derivative of -j**5/20 + j**4/4 + j**3/6 + 2*j**2 - 2*j. What is m(l)?
-8
Suppose 10 = -5*n + 4*b, 5*b + 32 = -4*n - 17. Let u be -6*(21/n + 3). Let g = -3 + u. Let l(j) = -j - 3. Determine l(g).
-3
Let r(x) = x**2 - 2*x + 7. Let b(k) = 5*k**2 - 8*k + 28. Let i(h) = 2*b(h) - 9*r(h). Give i(-5).
8
Suppose -n = 4, 0*r + 32 = -5*r + 2*n. Let s(y) = y**2 + 9*y + 4. What is s(r)?
-4
Let u(v) = 2*v - 10. Let r be u(7). Suppose r*k - k = 0. Let c(b) = 0*b + 2 + 2 + 2*b - 3*b. Calculate c(k).
4
Suppose 0 = -5*j - 17*j - 22. Let c(d) = d**2 - 3*d - 2. Calculate c(j).
2
Let a(w) = w**3 + 6*w**2 + 2*w. Suppose -z + 3*r - 18 = 0, -2*z + 6*r - 2*r = 28. Give a(z).
-12
Let g(s) be the first derivative of s**3/3 + s**2/2 - 4*s - 4. Let u(o) be the first derivative of g(o). Give u(3).
7
Let l(o) = -3 + o - o - o**2 - o. Let i be l(0). Let u(s) = -3 - 3*s**2 + 157*s - s**3 - 1 - 156*s. Calculate u(i).
-7
Let p(v) be the second derivative of -v**3/6 + 4*v**2 - 8*v. What is p(0)?
8
Let p(t) = -t - 1. Let g(s) = -s**2 + 4*s + 1. Let q be g(3). Calculate p(q).
-5
Let j = 130 - 93. Suppose j = -5*a + 3*s, 5*s - 22 = -2. Let y(o) = -2*o**2 - 5*o + o**2 + 3 + 0*o. What is y(a)?
3
Suppose 2*z + 9 = -4*g + 7*z, 11 = -g + 3*z. Let k(v) = v - g + 3*v + v**2 - 3*v. What is k(-3)?
2
Let q = -29 + 27. Let k(c) = -c - 2. Calculate k(q).
0
Suppose 8 = b + b. Let o(v) = 14*v - 7*v - 3*v - 5*v. What is o(b)?
-4
Let x(c) = -2*c**2 - 2*c + 2. Let w be 0 - -1 - (-4 - -7). Determine x(w).
-2
Let q(h) = -3*h - 3. Let g be (-180)/85 - -2 - (-166)/(-34). What is q(g)?
12
Suppose -5*q = 5*u, 4*q - 3 = -5*u - 1. Let y(z) = -4*z + u + 5*z - 2. Suppose 2*t = 5*v - 15, t + 2*v - 21 = -6. Give y(t).
5
Let x(v) = v + 6. Suppose -12 = 5*s - 4*s. Let n be 1/(((-6)/(-3))/14). Let t = n + s. Give x(t).
1
Let u = -3 - -6. Let z(j) be the first derivative of j**3/3 - 5*j**2/2 - 41. Calculate z(u).
-6
Let j(b) be the second derivative of b**3 + b**2 - 7*b. Calculate j(-2).
-10
Suppose -8 = -7*d - 22. Let w(q) = 12*q. Determine w(d).
-24
Suppose o + 4*m = -20, 0*o = 2*o - 2*m. Let z = -2 + 5. Let n(w) = -3 + w**3 - 1 - 2*w**z - 4*w**2. Give n(o).
-4
Let m(h) = -h**2 - 154*h + 3 + 154*h. Give m(-3).
-6
Suppose 6*f = 3*f + 6. Let a(r) be the third derivative of 0 + 1/24*r**4 - r**f + 0*r - 2/3*r**3. Calculate a(-4).
-8
Let k(r) = 2*r**2 - 2*r - 1. Let b be k(-1). Let j be (3/9)/(b/18). Let a(h) = 4*h - 2 + 2*h**3 - 5*h - 4*h**2 + 2*h**2. Calculate a(j).
4
Let k be 4 - (-3 - 2*-1). Let m = k + -3. Let i(x) = 0 - m*x**2 + 2 + 0*x + 0*x. What is i(2)?
-6
Suppose 3*n + 2 = n. Let d = -2 - n. Let f(g) = 3*g**2 + 4*g**3 + g - g - 1 - 2*g**2. Determine f(d).
-4
Let h(n) be the third derivative of -n**5/10 + n**4/24 - 3*n**2. What is h(1)?
-5
Let u(l) = -5*l - 4. Let g(f) = -3 + f + 2 + 2. Let v(i) = -4*g(i) - u(i). Suppose 2*j - 8 = 2*z, -j + 5 - 1 = 0. Give v(z).
0
Suppose g + 4*g + 41 = -4*x, -45 = 5*g + 5*x. Let f(u) = -u**3 + 5 + 14*u - 15*u - 2*u - 6*u**2. Calculate f(g).
-5
Let u = -25 - -27. Suppose -5*k = -2*f + 10, -u*f = 3*f - 25. Let j(z) = -3*z + 3. Let y(m) = m - 2. Let s(i) = 2*j(i) + 5*y(i). What is s(k)?
-4
Let g(d) = 5*d + 7. Let o(x) = -4*x - 5. Let c(t) = 2*g(t) + 3*o(t). Let v = -5 + 3. Let u be 1 + v - (-2)/(-2). Calculate c(u).
3
Let z(d) = 3*d**3 + 2*d**2 - 1. Let x be (-3 + 0 + 2)*1. Calculate z(x).
-2
Let u(d) = -d**2 - 3*d - 4. Suppose 4*b + b + 15 = 0. Let w = b - 0. What is u(w)?
-4
Suppose 3*d = 16 - 1. Let q be ((-2)/d)/((-1)/5). Suppose q*l - 14 = -4. Let t(o) = -o**2 + 6*o - 3. What is t(l)?
2
Let f(l) = -l**3 + 21*l**2 + l - 22. Let g be f(21). Let h(n) = 7*n**3. What is h(g)?
-7
Let c be 54/15 + (-2)/(-5). Suppose -12 = 6*i - c*i. Let m(y) = -y - 12. Determine m(i).
-6
Let h(s) be the first derivative of -4*s**2 + 2*s - 11. Determine h(2).
-14
Let j(q) = -q - 1. Let f(a) = 3. Let s(i) = -f(i) - j(i). Suppose -4*x - 2 = 2, h + 6 = -x. Determine s(h).
-7
Let o be 5 - 5 - (6 + (-6)/2). Let j(c) = -3*c - 11. Let k(p) = -p - 6. Let d(l) = 3*j(l) - 5*k(l). Determine d(o).
9
Let c(v) = -v**3 + 3*v**2 + 2*v + 5. Suppose -4*i = -2*g + 54, -2*i = -i - 2*g + 12. Let a be (-2)/(-7) - 52/i. Determine c(a).
-3
Let z(s) be the second derivative of s**5/20 - s**4/4 - 5*s**3/6 + s**2/2 + 13*s. Give z(4).
-3
Suppose 3*f = 2*f + 5*w + 27, -w = 4*f - 3. Let n be -1*(f + (1 - 1)). Let x(v) be the third derivative of -v**6/120 - v**5/30 - v**3/3 - v**2. Give x(n).
-2
Let n be 13/4*(-11 + 15). Let v(u) = u - 16. Determine v(n).
-3
Let y(c) = c**3 - 4*c - 3 - 2*c**3 - 5*c**2 - 1. Suppose -l + 3*s = -18, l + 0*l + 3*s = -12. Suppose 0 = -2*v + l*v + 4. Calculate y(v).
-4
Let w(c) be the second 